{"id":4963,"date":"2022-03-03T19:03:52","date_gmt":"2022-03-03T19:03:52","guid":{"rendered":"https:\/\/www.ahbvpf.pt\/?page_id=4963"},"modified":"2022-03-07T21:32:05","modified_gmt":"2022-03-07T21:32:05","slug":"candidatura-ao-corpo-dos-bombeiros-2","status":"publish","type":"page","link":"https:\/\/www.ahbvpf.pt\/?page_id=4963","title":{"rendered":"Candidatura ao Corpo dos Bombeiros &#8211; Infantes e Cadetes"},"content":{"rendered":"<p>[vc_row][vc_column]<figure class=\"sc_image  sc_image_shape_square\"><img decoding=\"async\" src=\"https:\/\/www.ahbvpf.pt\/wp-content\/uploads\/2022\/03\/TV.jpg\" alt=\"\" \/><\/figure>[\/vc_column][\/vc_row][vc_row][vc_column][vc_column_text]<\/p>\n<p>&nbsp;<\/p>\n<p>&nbsp;<\/p>\n<p>&nbsp;<\/p>\n<p>[\/vc_column_text][\/vc_column][\/vc_row][vc_row][vc_column][vc_column_text]<\/p>\n<h1><\/h1>\n<h1><\/h1>\n<h1><span style=\"color: #000000;\"><strong><span style=\"font-size: 48px;\">S\u00ea TU o Soldado da Paz<\/span><\/strong><\/span><\/h1>\n<p>&nbsp;<\/p>\n<p>&nbsp;<\/p>\n<h2><span style=\"color: #000000; font-size: 24px;\"><strong>Requisitos Obrigat\u00f3rios<\/strong><\/span><\/h2>\n<p>&nbsp;<\/p>\n<ul style=\"list-style-type: circle;\">\n<li><span style=\"color: #000000; font-size: 16px;\">Escolaridade m\u00ednima obrigat\u00f3ria<\/span><\/li>\n<li><span style=\"color: #000000; font-size: 16px;\">Capacidade f\u00edsica e ps\u00edquica: forte, \u00e1gil e resistente<\/span><\/li>\n<li><span style=\"color: #000000; font-size: 16px;\">Corajoso, altru\u00edsta, respons\u00e1vel e com bom esp\u00edrito de equipa<\/span><\/li>\n<li><span style=\"color: #000000; font-size: 16px;\">Idade<\/span>\n<ul style=\"list-style-type: circle;\">\n<li><span style=\"font-size: 16px;\"><span style=\"text-decoration: underline; color: #000000;\">Recruta de Cadetes:\u00a0<\/span><span style=\"color: #000000;\">O recrutamento das escolas de cadetes \u00e9 feito entre indiv\u00edduos com idades entre os 14 e os 16 anos.<\/span><\/span><\/li>\n<li><span style=\"font-size: 16px;\"><span style=\"text-decoration: underline; color: #000000;\">Recruta de Infantes:\u00a0<\/span><span style=\"color: #000000;\">O recrutamento das escolas de infantes \u00e9 feito entre indiv\u00edduos com idades entre os 6 e os 13 anos.<\/span><\/span><\/li>\n<\/ul>\n<\/li>\n<\/ul>\n<h2><\/h2>\n<p>&nbsp;<\/p>\n<h2><span style=\"color: #000000; font-size: 24px;\"><strong>Plano de Forma\u00e7\u00e3o Anual<\/strong><\/span><\/h2>\n<p>&nbsp;<\/p>\n<p><span style=\"color: #000000; font-size: 16px;\">O programa de forma\u00e7\u00e3o que te propomos, ir\u00e1 preparar o teu conhecimento e a tua componente t\u00e9cnica das atividades e miss\u00f5es desenvolvidas pelos bombeiros. Entre v\u00e1rios temas ir\u00e1s encontrar:<\/span><\/p>\n<ul style=\"list-style-type: circle;\">\n<li><span style=\"color: #000000; font-size: 16px;\">Salvamento e Desencarceramento<\/span><\/li>\n<li><span style=\"color: #000000; font-size: 16px;\">Fogos Urbanos e Industriais<\/span><\/li>\n<li><span style=\"color: #000000; font-size: 16px;\">Primeiros socorros e suporte b\u00e1sico de vida<\/span><\/li>\n<li><span style=\"color: #000000; font-size: 16px;\">Atividades l\u00fadicas e desportivas<\/span><\/li>\n<li><span style=\"color: #000000; font-size: 16px;\">Passeios formativos<\/span><\/li>\n<li><span style=\"font-size: 16px;\"><span style=\"color: #000000;\">Simulacros<\/span><span style=\"color: #000000;\"><br \/>\n<\/span><\/span><\/li>\n<li><span style=\"color: #000000; font-size: 16px;\">Participa\u00e7\u00e3o em diversas atividades c\u00edvicas<\/span><\/li>\n<\/ul>\n<h2><\/h2>\n<p>&nbsp;<\/p>\n<h2><span style=\"color: #000000; font-size: 24px;\"><strong>Miss\u00e3o<\/strong><\/span><\/h2>\n<p>&nbsp;<\/p>\n<ol>\n<li><span style=\"color: #000000; font-size: 16px;\">A preven\u00e7\u00e3o e o combate a inc\u00eandios;<\/span><\/li>\n<li><span style=\"color: #000000; font-size: 16px;\">O socorro \u00e0s popula\u00e7\u00f5es, em caso de inc\u00eandios, inunda\u00e7\u00f5es, desabamentos e, de um modo geral, em todos os acidentes;<\/span><\/li>\n<li><span style=\"color: #000000; font-size: 16px;\">O socorro a n\u00e1ufragos e buscas subaqu\u00e1ticas;<\/span><\/li>\n<li><span style=\"color: #000000; font-size: 16px;\">O socorro e transporte de acidentados e doentes, incluindo a urg\u00eancia pr\u00e9-hospitalar, no \u00e2mbito do sistema integrado de emerg\u00eancia m\u00e9dica;<\/span><\/li>\n<li><span style=\"color: #000000; font-size: 16px;\">A emiss\u00e3o, nos termos da lei, de pareceres t\u00e9cnicos em mat\u00e9ria de preven\u00e7\u00e3o e seguran\u00e7a contra riscos de inc\u00eandio e outros sinistros;<\/span><\/li>\n<li><span style=\"color: #000000; font-size: 16px;\">A participa\u00e7\u00e3o em outras atividades de prote\u00e7\u00e3o civil, no \u00e2mbito do exerc\u00edcio das fun\u00e7\u00f5es espec\u00edficas que lhes forem cometidas;<\/span><\/li>\n<li><span style=\"color: #000000; font-size: 16px;\">O exerc\u00edcio de atividades de forma\u00e7\u00e3o e sensibiliza\u00e7\u00e3o, com especial incid\u00eancia para a preven\u00e7\u00e3o do risco de inc\u00eandio e acidentes junto das popula\u00e7\u00f5es;<\/span><\/li>\n<li><span style=\"color: #000000; font-size: 16px;\">A participa\u00e7\u00e3o em outras a\u00e7\u00f5es e o exerc\u00edcio de outras atividades, para as quais estejam tecnicamente preparados e se enquadrem nos seus fins espec\u00edficos e nos fins das respetivas entidades detentoras;<\/span><\/li>\n<li><span style=\"color: #000000; font-size: 16px;\">A presta\u00e7\u00e3o de outros servi\u00e7os previstos nos regulamentos internos e demais legisla\u00e7\u00e3o aplic\u00e1vel.<\/span><\/li>\n<\/ol>\n<p><span style=\"text-decoration: underline; color: #ff0000;\"><span style=\"font-size: 16px;\"><a style=\"color: #ff0000; text-decoration: underline;\" href=\"https:\/\/dre.pt\/home\/-\/dre\/122317423\/details\/maximized\" target=\"_blank\" rel=\"noopener\">Sabe mais sobre Direitos e Deveres do Bombeiro Volunt\u00e1rio<\/a><\/span><\/span><\/p>\n<p>&nbsp;<\/p>\n<p>&nbsp;<\/p>\n<h2><span style=\"color: #000000; font-size: 24px;\"><strong>Inscri\u00e7\u00e3o<\/strong><\/span><\/h2>\n<p>&nbsp;<\/p>\n<p><span style=\"font-size: 20px;\"><strong><a href=\"https:\/\/goo.gl\/maps\/CLE7L56KLuLzJ6tK7\"><span style=\"text-decoration: underline; color: #000000;\">Quartel dos Bombeiros Volunt\u00e1rios de Pa\u00e7os de Ferreira<\/span><\/a><\/strong><\/span><\/p>\n<p><span style=\"color: #000000; font-size: 16px;\">\u25a1 Deves estar acompanhado do teu representante legal<\/span><\/p>\n<p>&nbsp;<\/p>\n<p><span style=\"color: #000000; font-size: 16px;\">Faz-te acompanhar da c\u00f3pia dos documentos abaixo listados:<\/span><\/p>\n<p><span style=\"color: #000000; font-size: 16px;\">\u25a1 Bilhete de Identidade ou Cart\u00e3o de Cidad\u00e3o<\/span><\/p>\n<p><span style=\"color: #000000; font-size: 16px;\">\u25a1 Cart\u00e3o de Contribuinte, Cart\u00e3o da Seguran\u00e7a Social, Cart\u00e3o de utente do SNS (se n\u00e3o tiver Cart\u00e3o de Cidad\u00e3o)<\/span><\/p>\n<p><span style=\"color: #000000; font-size: 16px;\">\u25a1 Boletim de Vacinas<\/span><\/p>\n<p><span style=\"color: #000000; font-size: 16px;\">\u25a1 Indica\u00e7\u00e3o do Grupo Sangu\u00edneo<\/span><\/p>\n<p><span style=\"color: #000000; font-size: 16px;\">\u25a1 Atestado de Resid\u00eancia<\/span><\/p>\n<p><span style=\"color: #000000; font-size: 16px;\">\u25a1 Certificado de Habilita\u00e7\u00f5es<\/span><\/p>\n<p><span style=\"color: #000000; font-size: 16px;\">\u25a1 Declara\u00e7\u00e3o ou atestado m\u00e9dico declarando bom estado de sa\u00fade geral e robustez f\u00edsica suficiente para o desempenho das fun\u00e7\u00f5es de bombeiro;<\/span><\/p>\n<p>&nbsp;<\/p>\n<p>&nbsp;<\/p>\n<h2><span style=\"color: #000000; font-size: 24px;\"><strong>Mais informa\u00e7\u00f5es<\/strong><\/span><\/h2>\n<p>&nbsp;<\/p>\n<p><span style=\"color: #000000; font-size: 16px;\">comunicacao@ahbvpf.pt<\/span><\/p>\n<p><span style=\"color: #000000; font-size: 16px;\">+351 255 965 339<\/span><\/p>\n<p>&nbsp;<\/p>\n<p>&nbsp;<\/p>\n<p>&nbsp;<\/p>\n<p>&nbsp;<\/p>\n<p>\n\t\t<style type=\"text\/css\">\n\t\t\t#gallery-1 {\n\t\t\t\tmargin: auto;\n\t\t\t}\n\t\t\t#gallery-1 .gallery-item {\n\t\t\t\tfloat: left;\n\t\t\t\tmargin-top: 10px;\n\t\t\t\ttext-align: center;\n\t\t\t\twidth: 33%;\n\t\t\t}\n\t\t\t#gallery-1 img {\n\t\t\t\tborder: 2px solid #cfcfcf;\n\t\t\t}\n\t\t\t#gallery-1 .gallery-caption {\n\t\t\t\tmargin-left: 0;\n\t\t\t}\n\t\t\t\/* see gallery_shortcode() in wp-includes\/media.php *\/\n\t\t<\/style>\n\t\t<div id='gallery-1' class='gallery galleryid-4963 gallery-columns-3 gallery-size-medium'><dl class='gallery-item'>\n\t\t\t<dt class='gallery-icon landscape'>\n\t\t\t\t<a href='https:\/\/www.ahbvpf.pt\/?attachment_id=4532'><img loading=\"lazy\" decoding=\"async\" width=\"300\" height=\"201\" src=\"https:\/\/www.ahbvpf.pt\/wp-content\/uploads\/2018\/04\/15-300x201.jpg\" class=\"attachment-medium size-medium\" alt=\"\" srcset=\"https:\/\/www.ahbvpf.pt\/wp-content\/uploads\/2018\/04\/15-300x201.jpg 300w, https:\/\/www.ahbvpf.pt\/wp-content\/uploads\/2018\/04\/15-768x515.jpg 768w, https:\/\/www.ahbvpf.pt\/wp-content\/uploads\/2018\/04\/15.jpg 960w\" sizes=\"auto, (max-width: 300px) 100vw, 300px\" \/><\/a>\n\t\t\t<\/dt><\/dl><dl class='gallery-item'>\n\t\t\t<dt class='gallery-icon landscape'>\n\t\t\t\t<a href='https:\/\/www.ahbvpf.pt\/?attachment_id=4529'><img loading=\"lazy\" decoding=\"async\" width=\"300\" height=\"225\" src=\"https:\/\/www.ahbvpf.pt\/wp-content\/uploads\/2018\/04\/12-300x225.jpg\" class=\"attachment-medium size-medium\" alt=\"\" srcset=\"https:\/\/www.ahbvpf.pt\/wp-content\/uploads\/2018\/04\/12-300x225.jpg 300w, https:\/\/www.ahbvpf.pt\/wp-content\/uploads\/2018\/04\/12-768x576.jpg 768w, https:\/\/www.ahbvpf.pt\/wp-content\/uploads\/2018\/04\/12-1024x768.jpg 1024w\" sizes=\"auto, (max-width: 300px) 100vw, 300px\" \/><\/a>\n\t\t\t<\/dt><\/dl><dl class='gallery-item'>\n\t\t\t<dt class='gallery-icon portrait'>\n\t\t\t\t<a href='https:\/\/www.ahbvpf.pt\/?attachment_id=4526'><img loading=\"lazy\" decoding=\"async\" width=\"225\" height=\"300\" src=\"https:\/\/www.ahbvpf.pt\/wp-content\/uploads\/2018\/04\/9-225x300.jpg\" class=\"attachment-medium size-medium\" alt=\"\" srcset=\"https:\/\/www.ahbvpf.pt\/wp-content\/uploads\/2018\/04\/9-225x300.jpg 225w, https:\/\/www.ahbvpf.pt\/wp-content\/uploads\/2018\/04\/9.jpg 540w\" sizes=\"auto, (max-width: 225px) 100vw, 225px\" \/><\/a>\n\t\t\t<\/dt><\/dl><br style=\"clear: both\" \/><dl class='gallery-item'>\n\t\t\t<dt class='gallery-icon landscape'>\n\t\t\t\t<a href='https:\/\/www.ahbvpf.pt\/?attachment_id=4525'><img loading=\"lazy\" decoding=\"async\" width=\"300\" height=\"225\" src=\"https:\/\/www.ahbvpf.pt\/wp-content\/uploads\/2018\/04\/8-300x225.jpg\" class=\"attachment-medium size-medium\" alt=\"\" srcset=\"https:\/\/www.ahbvpf.pt\/wp-content\/uploads\/2018\/04\/8-300x225.jpg 300w, https:\/\/www.ahbvpf.pt\/wp-content\/uploads\/2018\/04\/8.jpg 720w\" sizes=\"auto, (max-width: 300px) 100vw, 300px\" \/><\/a>\n\t\t\t<\/dt><\/dl><dl class='gallery-item'>\n\t\t\t<dt class='gallery-icon landscape'>\n\t\t\t\t<a href='https:\/\/www.ahbvpf.pt\/?attachment_id=4524'><img loading=\"lazy\" decoding=\"async\" width=\"300\" height=\"225\" src=\"https:\/\/www.ahbvpf.pt\/wp-content\/uploads\/2018\/04\/7-300x225.jpg\" class=\"attachment-medium size-medium\" alt=\"\" srcset=\"https:\/\/www.ahbvpf.pt\/wp-content\/uploads\/2018\/04\/7-300x225.jpg 300w, https:\/\/www.ahbvpf.pt\/wp-content\/uploads\/2018\/04\/7-768x576.jpg 768w, https:\/\/www.ahbvpf.pt\/wp-content\/uploads\/2018\/04\/7-1024x768.jpg 1024w\" sizes=\"auto, (max-width: 300px) 100vw, 300px\" \/><\/a>\n\t\t\t<\/dt><\/dl><dl class='gallery-item'>\n\t\t\t<dt class='gallery-icon landscape'>\n\t\t\t\t<a href='https:\/\/www.ahbvpf.pt\/?attachment_id=4523'><img loading=\"lazy\" decoding=\"async\" width=\"300\" height=\"225\" src=\"https:\/\/www.ahbvpf.pt\/wp-content\/uploads\/2018\/04\/6-300x225.jpg\" class=\"attachment-medium size-medium\" alt=\"\" srcset=\"https:\/\/www.ahbvpf.pt\/wp-content\/uploads\/2018\/04\/6-300x225.jpg 300w, https:\/\/www.ahbvpf.pt\/wp-content\/uploads\/2018\/04\/6-768x576.jpg 768w, https:\/\/www.ahbvpf.pt\/wp-content\/uploads\/2018\/04\/6-1024x768.jpg 1024w\" sizes=\"auto, (max-width: 300px) 100vw, 300px\" \/><\/a>\n\t\t\t<\/dt><\/dl><br style=\"clear: both\" \/><dl class='gallery-item'>\n\t\t\t<dt class='gallery-icon landscape'>\n\t\t\t\t<a href='https:\/\/www.ahbvpf.pt\/?attachment_id=4522'><img loading=\"lazy\" decoding=\"async\" width=\"300\" height=\"225\" src=\"https:\/\/www.ahbvpf.pt\/wp-content\/uploads\/2018\/04\/5-300x225.jpg\" class=\"attachment-medium size-medium\" alt=\"\" srcset=\"https:\/\/www.ahbvpf.pt\/wp-content\/uploads\/2018\/04\/5-300x225.jpg 300w, https:\/\/www.ahbvpf.pt\/wp-content\/uploads\/2018\/04\/5.jpg 550w\" sizes=\"auto, (max-width: 300px) 100vw, 300px\" \/><\/a>\n\t\t\t<\/dt><\/dl><dl class='gallery-item'>\n\t\t\t<dt class='gallery-icon portrait'>\n\t\t\t\t<a href='https:\/\/www.ahbvpf.pt\/?attachment_id=4521'><img loading=\"lazy\" decoding=\"async\" width=\"238\" height=\"300\" src=\"https:\/\/www.ahbvpf.pt\/wp-content\/uploads\/2018\/04\/4-238x300.jpg\" class=\"attachment-medium size-medium\" alt=\"\" srcset=\"https:\/\/www.ahbvpf.pt\/wp-content\/uploads\/2018\/04\/4-238x300.jpg 238w, https:\/\/www.ahbvpf.pt\/wp-content\/uploads\/2018\/04\/4-768x967.jpg 768w, https:\/\/www.ahbvpf.pt\/wp-content\/uploads\/2018\/04\/4.jpg 800w\" sizes=\"auto, (max-width: 238px) 100vw, 238px\" \/><\/a>\n\t\t\t<\/dt><\/dl><dl class='gallery-item'>\n\t\t\t<dt class='gallery-icon landscape'>\n\t\t\t\t<a href='https:\/\/www.ahbvpf.pt\/?attachment_id=4520'><img loading=\"lazy\" decoding=\"async\" width=\"300\" height=\"225\" src=\"https:\/\/www.ahbvpf.pt\/wp-content\/uploads\/2018\/04\/3-300x225.jpg\" class=\"attachment-medium size-medium\" alt=\"\" srcset=\"https:\/\/www.ahbvpf.pt\/wp-content\/uploads\/2018\/04\/3-300x225.jpg 300w, https:\/\/www.ahbvpf.pt\/wp-content\/uploads\/2018\/04\/3-768x576.jpg 768w, https:\/\/www.ahbvpf.pt\/wp-content\/uploads\/2018\/04\/3-1024x768.jpg 1024w\" sizes=\"auto, (max-width: 300px) 100vw, 300px\" \/><\/a>\n\t\t\t<\/dt><\/dl><br style=\"clear: both\" \/><dl class='gallery-item'>\n\t\t\t<dt class='gallery-icon landscape'>\n\t\t\t\t<a href='https:\/\/www.ahbvpf.pt\/?attachment_id=4518'><img loading=\"lazy\" decoding=\"async\" width=\"300\" height=\"225\" src=\"https:\/\/www.ahbvpf.pt\/wp-content\/uploads\/2018\/04\/1-300x225.jpg\" class=\"attachment-medium size-medium\" alt=\"\" srcset=\"https:\/\/www.ahbvpf.pt\/wp-content\/uploads\/2018\/04\/1-300x225.jpg 300w, https:\/\/www.ahbvpf.pt\/wp-content\/uploads\/2018\/04\/1-768x576.jpg 768w, https:\/\/www.ahbvpf.pt\/wp-content\/uploads\/2018\/04\/1-1024x768.jpg 1024w\" sizes=\"auto, (max-width: 300px) 100vw, 300px\" \/><\/a>\n\t\t\t<\/dt><\/dl><dl class='gallery-item'>\n\t\t\t<dt class='gallery-icon landscape'>\n\t\t\t\t<a href='https:\/\/www.ahbvpf.pt\/?attachment_id=4966'><img loading=\"lazy\" decoding=\"async\" width=\"300\" height=\"201\" src=\"https:\/\/www.ahbvpf.pt\/wp-content\/uploads\/2022\/03\/320455_439224852777888_1923499650_n-300x201.jpg\" class=\"attachment-medium size-medium\" alt=\"\" srcset=\"https:\/\/www.ahbvpf.pt\/wp-content\/uploads\/2022\/03\/320455_439224852777888_1923499650_n-300x201.jpg 300w, https:\/\/www.ahbvpf.pt\/wp-content\/uploads\/2022\/03\/320455_439224852777888_1923499650_n-768x514.jpg 768w, https:\/\/www.ahbvpf.pt\/wp-content\/uploads\/2022\/03\/320455_439224852777888_1923499650_n.jpg 960w\" sizes=\"auto, (max-width: 300px) 100vw, 300px\" \/><\/a>\n\t\t\t<\/dt><\/dl>\n\t\t\t<br style='clear: both' \/>\n\t\t<\/div>\n[\/vc_column_text][\/vc_column][\/vc_row][vc_row][vc_column][vc_column_text][\/vc_column_text][\/vc_column][\/vc_row][vc_row][vc_column][vc_column_text][\/vc_column_text][\/vc_column][\/vc_row]<\/p>\n","protected":false},"excerpt":{"rendered":"<p>[vc_row][vc_column][\/vc_column][\/vc_row][vc_row][vc_column][vc_column_text] &nbsp; &nbsp; &nbsp; [\/vc_column_text][\/vc_column][\/vc_row][vc_row][vc_column][vc_column_text] S\u00ea TU o Soldado da Paz &nbsp; &nbsp; Requisitos Obrigat\u00f3rios &nbsp; Escolaridade m\u00ednima obrigat\u00f3ria Capacidade f\u00edsica e ps\u00edquica: forte, \u00e1gil e resistente Corajoso, altru\u00edsta, respons\u00e1vel [&hellip;]<\/p>\n","protected":false},"author":4,"featured_media":0,"parent":0,"menu_order":0,"comment_status":"closed","ping_status":"closed","template":"","meta":{"footnotes":""},"class_list":["post-4963","page","type-page","status-publish","hentry"],"_links":{"self":[{"href":"https:\/\/www.ahbvpf.pt\/index.php?rest_route=\/wp\/v2\/pages\/4963","targetHints":{"allow":["GET"]}}],"collection":[{"href":"https:\/\/www.ahbvpf.pt\/index.php?rest_route=\/wp\/v2\/pages"}],"about":[{"href":"https:\/\/www.ahbvpf.pt\/index.php?rest_route=\/wp\/v2\/types\/page"}],"author":[{"embeddable":true,"href":"https:\/\/www.ahbvpf.pt\/index.php?rest_route=\/wp\/v2\/users\/4"}],"replies":[{"embeddable":true,"href":"https:\/\/www.ahbvpf.pt\/index.php?rest_route=%2Fwp%2Fv2%2Fcomments&post=4963"}],"version-history":[{"count":10,"href":"https:\/\/www.ahbvpf.pt\/index.php?rest_route=\/wp\/v2\/pages\/4963\/revisions"}],"predecessor-version":[{"id":4981,"href":"https:\/\/www.ahbvpf.pt\/index.php?rest_route=\/wp\/v2\/pages\/4963\/revisions\/4981"}],"wp:attachment":[{"href":"https:\/\/www.ahbvpf.pt\/index.php?rest_route=%2Fwp%2Fv2%2Fmedia&parent=4963"}],"curies":[{"name":"wp","href":"https:\/\/api.w.org\/{rel}","templated":true}]}}