{"id":4105,"date":"2017-12-19T09:58:44","date_gmt":"2017-12-19T09:58:44","guid":{"rendered":"http:\/\/www.ahbvpf.pt\/?page_id=4105"},"modified":"2018-04-09T11:20:46","modified_gmt":"2018-04-09T11:20:46","slug":"1o-mega-caminhada-vida-por-vida","status":"publish","type":"page","link":"https:\/\/www.ahbvpf.pt\/?page_id=4105","title":{"rendered":"1\u00ba Mega Caminhada &#8220;Vida Por Vida&#8221;"},"content":{"rendered":"<p>[vc_row][vc_column][vc_column_text]<\/p>\n<h1 style=\"text-align: center;\">1\u00ba Mega Caminhada<br \/>\n&#8220;Vida Por Vida&#8221;<\/h1>\n<p>Realizada no passado dia 29 de Outubro, a primeira mega caminhada \u201cVida Por Vida\u201d juntou cerca de 1500 participantes pelo mesmo objetivo.<br \/>\nEsta iniciativa organizada pelo Corpo Ativo (volunt\u00e1rios) com a colabora\u00e7\u00e3o do Comando superou as expectativas sendo considerado \u201cum dos melhores eventos realizados no concelho\u201d.<br \/>\nCom inicio pelas 9h, o evento juntou v\u00e1rias atividades, desde visita ao quartel, rastreios de sa\u00fade, aula de zumba e sorteio de vouchers.<br \/>\nOs resultados oficiais ser\u00e3o divulgados no dia 30 de Dezembro, com programa a divulgar, numa cerim\u00f3nia para a qual o convid\u00e1mos a participar.[\/vc_column_text][vc_empty_space][vc_media_grid style=&#8221;lazy&#8221; gap=&#8221;20&#8243; grid_id=&#8221;vc_gid:1523271355845-e5a73f1f-266e-5&#8243; include=&#8221;4110,4111,4112,4113,4114,4115,4116,4117,4118,4119,4120,4121,4122,4123,4124,4125,4126,4127,4128,4129,4130,4131,4132,4133,4134,4135,4136,4137,4138,4139,4140,4141,4142,4143,4144,4145,4146,4147,4148,4149,4150,4151,4152,4153,4154,4155,4156,4157,4158,4159,4160,4161,4162,4163,4164,4165,4166,4167,4168,4169,4170,4171,4172,4173,4174,4175,4176,4177,4178,4179,4180,4181,4182,4183,4184,4185,4186,4187,4188,4189,4190,4191,4192,4193,4194,4195,4196,4197,4198,4199,4200,4201,4202,4203,4204,4205,4206,4207,4208,4209,4210,4211,4212,4213,4214,4215,4216,4217,4218,4219,4220,4221,4222,4223,4224,4225,4226,4227,4228,4229,4230,4231,4232,4233,4234,4235,4236,4237,4238,4239,4240,4241,4242,4243,4244,4245,4246,4247&#8243;][\/vc_column][\/vc_row]<\/p>\n","protected":false},"excerpt":{"rendered":"<p>[vc_row][vc_column][vc_column_text] 1\u00ba Mega Caminhada &#8220;Vida Por Vida&#8221; Realizada no passado dia 29 de Outubro, a primeira mega caminhada \u201cVida Por Vida\u201d juntou cerca de 1500 participantes pelo mesmo objetivo. Esta [&hellip;]<\/p>\n","protected":false},"author":1,"featured_media":0,"parent":0,"menu_order":0,"comment_status":"closed","ping_status":"closed","template":"","meta":{"footnotes":""},"class_list":["post-4105","page","type-page","status-publish","hentry"],"_links":{"self":[{"href":"https:\/\/www.ahbvpf.pt\/index.php?rest_route=\/wp\/v2\/pages\/4105","targetHints":{"allow":["GET"]}}],"collection":[{"href":"https:\/\/www.ahbvpf.pt\/index.php?rest_route=\/wp\/v2\/pages"}],"about":[{"href":"https:\/\/www.ahbvpf.pt\/index.php?rest_route=\/wp\/v2\/types\/page"}],"author":[{"embeddable":true,"href":"https:\/\/www.ahbvpf.pt\/index.php?rest_route=\/wp\/v2\/users\/1"}],"replies":[{"embeddable":true,"href":"https:\/\/www.ahbvpf.pt\/index.php?rest_route=%2Fwp%2Fv2%2Fcomments&post=4105"}],"version-history":[{"count":7,"href":"https:\/\/www.ahbvpf.pt\/index.php?rest_route=\/wp\/v2\/pages\/4105\/revisions"}],"predecessor-version":[{"id":4410,"href":"https:\/\/www.ahbvpf.pt\/index.php?rest_route=\/wp\/v2\/pages\/4105\/revisions\/4410"}],"wp:attachment":[{"href":"https:\/\/www.ahbvpf.pt\/index.php?rest_route=%2Fwp%2Fv2%2Fmedia&parent=4105"}],"curies":[{"name":"wp","href":"https:\/\/api.w.org\/{rel}","templated":true}]}}