{"id":3229,"date":"2017-10-03T10:53:30","date_gmt":"2017-10-03T10:53:30","guid":{"rendered":"http:\/\/www.ahbvpf.pt\/?page_id=3229"},"modified":"2025-12-01T17:56:50","modified_gmt":"2025-12-01T17:56:50","slug":"candidatura-ao-corpo-dos-bombeiros","status":"publish","type":"page","link":"https:\/\/www.ahbvpf.pt\/?page_id=3229","title":{"rendered":"Candidatura ao Corpo dos Bombeiros"},"content":{"rendered":"\n<h1 class=\"wp-block-heading\">&nbsp;<\/h1>\n\n\n<div class=\"wp-block-image\">\n<figure class=\"aligncenter size-full\"><img loading=\"lazy\" decoding=\"async\" width=\"851\" height=\"315\" src=\"https:\/\/www.ahbvpf.pt\/wp-content\/uploads\/2025\/12\/A-NOSSA-MISSAO.png\" alt=\"\" class=\"wp-image-5212\" srcset=\"https:\/\/www.ahbvpf.pt\/wp-content\/uploads\/2025\/12\/A-NOSSA-MISSAO.png 851w, https:\/\/www.ahbvpf.pt\/wp-content\/uploads\/2025\/12\/A-NOSSA-MISSAO-300x111.png 300w, https:\/\/www.ahbvpf.pt\/wp-content\/uploads\/2025\/12\/A-NOSSA-MISSAO-768x284.png 768w\" sizes=\"auto, (max-width: 851px) 100vw, 851px\" \/><\/figure><\/div>\n\n\n<p>&nbsp;<\/p>\n<p>&nbsp;<\/p>\n<p>&nbsp;<\/p>\n\n\n\n<p>&nbsp;<\/p>\n<p>&nbsp;<\/p>\n\n\n\n<h1 class=\"wp-block-heading has-text-align-center has-small-font-size\"><span style=\"color: #000000;\"><strong><span style=\"font-size: 48px;\">ACEITAS O DESAFIO?<\/span><\/strong><\/span><\/h1>\n\n\n\n<h2 class=\"wp-block-heading\"><span style=\"color: #000000; font-size: 24px;\"><strong>Requisitos Obrigat\u00f3rios<\/strong><\/span><\/h2>\n\n\n\n<ul class=\"wp-block-list\">\n<li><span style=\"color: #000000; font-size: 16px;\">Escolaridade m\u00ednima obrigat\u00f3ria<\/span><\/li>\n\n\n\n<li><span style=\"color: #000000; font-size: 16px;\">Boa condi\u00e7\u00e3o f\u00edsica e ps\u00edquica<\/span><\/li>\n\n\n\n<li><span style=\"color: #000000; font-size: 16px;\">Gosto pelo trabalho em equipa<\/span><\/li>\n\n\n\n<li><span style=\"color: #000000; font-size: 16px;\">Idade<\/span>\n<ul class=\"wp-block-list\">\n<li><span style=\"font-size: 16px;\"><span style=\"text-decoration: underline; color: #000000;\">Recruta de Estagi\u00e1rios:&nbsp;<\/span><span style=\"color: #000000;\">O ingresso na carreira de bombeiro volunt\u00e1rio \u00e9 feito na categoria de bombeiro de 3\u00aa, de entre os estagi\u00e1rios aprovados em est\u00e1gio, com idades compreendidas entre os 17 e os 45 anos. O est\u00e1gio tem a dura\u00e7\u00e3o m\u00ednima de um ano.<\/span><\/span><\/li>\n\n\n\n<li><span style=\"font-size: 16px;\"><span style=\"text-decoration: underline; color: #000000;\">Recruta de Cadetes:&nbsp;<\/span><span style=\"color: #000000;\">O recrutamento das escolas de cadetes \u00e9 feito entre indiv\u00edduos com idades entre os 14 e os 16 anos.<\/span><\/span><\/li>\n\n\n\n<li><span style=\"font-size: 16px;\"><span style=\"text-decoration: underline; color: #000000;\">Recruta de Infantes:&nbsp;<\/span><span style=\"color: #000000;\">O recrutamento das escolas de infantes \u00e9 feito entre indiv\u00edduos com idades entre os 6 e os 13 anos.<\/span><\/span><\/li>\n<\/ul>\n<\/li>\n<\/ul>\n\n\n\n<h2 class=\"wp-block-heading\"><span style=\"color: #000000; font-size: 24px;\"><strong>Miss\u00e3o<\/strong><\/span><\/h2>\n\n\n\n<ol class=\"wp-block-list\">\n<li><span style=\"color: #000000; font-size: 16px;\">A preven\u00e7\u00e3o e o combate a inc\u00eandios;<\/span><\/li>\n\n\n\n<li><span style=\"color: #000000; font-size: 16px;\">O socorro \u00e0s popula\u00e7\u00f5es, em caso de inc\u00eandios, inunda\u00e7\u00f5es, desabamentos e, de um modo geral, em todos os acidentes;<\/span><\/li>\n\n\n\n<li><span style=\"color: #000000; font-size: 16px;\">O socorro a n\u00e1ufragos e buscas subaqu\u00e1ticas;<\/span><\/li>\n\n\n\n<li><span style=\"color: #000000; font-size: 16px;\">O socorro e transporte de acidentados e doentes, incluindo a urg\u00eancia pr\u00e9-hospitalar, no \u00e2mbito do sistema integrado de emerg\u00eancia m\u00e9dica;<\/span><\/li>\n\n\n\n<li><span style=\"color: #000000; font-size: 16px;\">A emiss\u00e3o, nos termos da lei, de pareceres t\u00e9cnicos em mat\u00e9ria de preven\u00e7\u00e3o e seguran\u00e7a contra riscos de inc\u00eandio e outros sinistros;<\/span><\/li>\n\n\n\n<li><span style=\"color: #000000; font-size: 16px;\">A participa\u00e7\u00e3o em outras atividades de prote\u00e7\u00e3o civil, no \u00e2mbito do exerc\u00edcio das fun\u00e7\u00f5es espec\u00edficas que lhes forem cometidas;<\/span><\/li>\n\n\n\n<li><span style=\"color: #000000; font-size: 16px;\">O exerc\u00edcio de atividades de forma\u00e7\u00e3o e sensibiliza\u00e7\u00e3o, com especial incid\u00eancia para a preven\u00e7\u00e3o do risco de inc\u00eandio e acidentes junto das popula\u00e7\u00f5es;<\/span><\/li>\n\n\n\n<li><span style=\"color: #000000; font-size: 16px;\">A participa\u00e7\u00e3o em outras a\u00e7\u00f5es e o exerc\u00edcio de outras atividades, para as quais estejam tecnicamente preparados e se enquadrem nos seus fins espec\u00edficos e nos fins das respetivas entidades detentoras;<\/span><\/li>\n\n\n\n<li><span style=\"color: #000000; font-size: 16px;\">A presta\u00e7\u00e3o de outros servi\u00e7os previstos nos regulamentos internos e demais legisla\u00e7\u00e3o aplic\u00e1vel.<\/span><\/li>\n<\/ol>\n\n\n\n<p><span style=\"text-decoration: underline; color: #ff0000;\"><span style=\"font-size: 16px;\"><a style=\"color: #ff0000;\" href=\"https:\/\/dre.pt\/home\/-\/dre\/122317423\/details\/maximized\" target=\"_blank\" rel=\"noopener\">Sabe mais sobre Direitos e Deveres do Bombeiro Volunt\u00e1rio<\/a><\/span><\/span><\/p>\n\n\n\n<h2 class=\"wp-block-heading\">&nbsp;<\/h2>\n\n\n\n<h2 class=\"wp-block-heading\"><span style=\"color: #000000; font-size: 24px;\"><strong>Programa de Instru\u00e7\u00e3o Inicial de Bombeiro<\/strong><\/span><\/h2>\n\n\n\n<p><span style=\"color: #000000; font-size: 16px;\">O programa de forma\u00e7\u00e3o que te propomos, permitir\u00e1 a resposta eficaz e eficiente em situa\u00e7\u00e3o de emerg\u00eancia assim como servir\u00e1 de apoio para a evolu\u00e7\u00e3o e desenvolvimento na carreira de Bombeiro. A forma\u00e7\u00e3o decorre em hor\u00e1rio p\u00f3s-laboral e\/ou fins de semana.<\/span><\/p>\n\n\n\n<figure class=\"wp-block-table\"><table><tbody><tr><td colspan=\"3\"><span style=\"color: #000000; font-size: 16px;\">&nbsp;<\/span><\/td><\/tr><tr><td><span style=\"color: #000000; font-size: 16px;\">M\u00f3dulo I<\/span><\/td><td><span style=\"color: #000000; font-size: 16px;\">Introdu\u00e7\u00e3o ao Servi\u00e7o dos Bombeiros<\/span><\/td><td><span style=\"color: #000000; font-size: 16px;\">25 Horas<\/span><\/td><\/tr><tr><td><span style=\"color: #000000; font-size: 16px;\">M\u00f3dulo II<\/span><\/td><td><span style=\"color: #000000; font-size: 16px;\">T\u00e9cnicas de Socorrismo<\/span><\/td><td><span style=\"color: #000000; font-size: 16px;\">50 Horas<\/span><\/td><\/tr><tr><td><span style=\"color: #000000; font-size: 16px;\">M\u00f3dulo III<\/span><\/td><td><span style=\"color: #000000; font-size: 16px;\">Equipamentos, Manobras e Ve\u00edculos<\/span><\/td><td><span style=\"color: #000000; font-size: 16px;\">25 Horas<\/span><\/td><\/tr><tr><td><span style=\"color: #000000; font-size: 16px;\">M\u00f3dulo IV<\/span><\/td><td><span style=\"color: #000000; font-size: 16px;\">T\u00e9cnicas de Salvamento e Desencarceramento<\/span><\/td><td><span style=\"color: #000000; font-size: 16px;\">50 Horas<\/span><\/td><\/tr><tr><td><span style=\"color: #000000; font-size: 16px;\">M\u00f3dulo V<\/span><\/td><td><span style=\"color: #000000; font-size: 16px;\">Opera\u00e7\u00f5es de extin\u00e7\u00e3o de Inc\u00eandios Urbanos e Industriais<\/span><\/td><td><span style=\"color: #000000; font-size: 16px;\">50 Horas<\/span><\/td><\/tr><tr><td><span style=\"color: #000000; font-size: 16px;\">M\u00f3dulo VI<\/span><\/td><td><span style=\"color: #000000; font-size: 16px;\">Opera\u00e7\u00f5es de Extin\u00e7\u00e3o de Inc\u00eandios Florestais<\/span><\/td><td><span style=\"color: #000000; font-size: 16px;\">25 Horas<\/span><\/td><\/tr><\/tbody><\/table><\/figure>\n\n\n\n<h2 class=\"wp-block-heading\">&nbsp;<\/h2>\n\n\n\n<h2 class=\"wp-block-heading\"><span style=\"color: #000000; font-size: 24px;\"><strong>Inscri\u00e7\u00e3o<\/strong><\/span><\/h2>\n\n\n\n<p><span style=\"font-size: 20px;\"><strong><a href=\"https:\/\/goo.gl\/maps\/CLE7L56KLuLzJ6tK7\"><span style=\"text-decoration: underline; color: #000000;\">Quartel dos Bombeiros Volunt\u00e1rios de Pa\u00e7os de Ferreira<\/span><\/a><\/strong><\/span><\/p>\n\n\n\n<p><span style=\"color: #000000; font-size: 16px;\">Faz-te acompanhar da c\u00f3pia dos documentos abaixo listados:<\/span><\/p>\n\n\n\n<p><span style=\"color: #000000; font-size: 16px;\">\u25a1 Bilhete de Identidade ou Cart\u00e3o de Cidad\u00e3o<\/span><\/p>\n\n\n\n<p><span style=\"color: #000000; font-size: 16px;\">\u25a1 Cart\u00e3o de Contribuinte, Cart\u00e3o da Seguran\u00e7a Social, Cart\u00e3o de utente do SNS (se n\u00e3o tiver Cart\u00e3o de Cidad\u00e3o)<\/span><\/p>\n\n\n\n<p><span style=\"color: #000000; font-size: 16px;\">\u25a1 Carta de Condu\u00e7\u00e3o (se aplic\u00e1vel)<\/span><\/p>\n\n\n\n<p><span style=\"color: #000000; font-size: 16px;\">\u25a1 Boletim de Vacinas<\/span><\/p>\n\n\n\n<p><span style=\"color: #000000; font-size: 16px;\">\u25a1 Indica\u00e7\u00e3o do Grupo Sangu\u00edneo<\/span><\/p>\n\n\n\n<p><span style=\"color: #000000; font-size: 16px;\">\u25a1 Atestado de Resid\u00eancia<\/span><\/p>\n\n\n\n<p><span style=\"color: #000000; font-size: 16px;\">\u25a1 Certid\u00e3o do Registo Criminal (caso seja maior de idade)<\/span><\/p>\n\n\n\n<p><span style=\"color: #000000; font-size: 16px;\">\u25a1 Certificado de Habilita\u00e7\u00f5es<\/span><\/p>\n\n\n\n<p><span style=\"color: #000000; font-size: 16px;\">\u25a1 Declara\u00e7\u00e3o ou atestado m\u00e9dico declarando bom estado de sa\u00fade geral e robustez f\u00edsica suficiente para o desempenho das fun\u00e7\u00f5es de bombeiro;<\/span><\/p>\n\n\n\n<h2 class=\"wp-block-heading\"><span style=\"color: #000000; font-size: 24px;\"><strong>Mais informa\u00e7\u00f5es<\/strong><\/span><\/h2>\n\n\n\n<p><\/p>\n\n\n\n<p><span style=\"color: #000000; font-size: 16px;\">comando@ahbvpf.pt<\/span><\/p>\n\n\n\n<p><span style=\"color: #000000; font-size: 16px;\">+351 255 965 339<\/span><\/p>\n\n\n\n\n\n<div class=\"wp-block-columns is-layout-flex wp-container-core-columns-is-layout-2 wp-block-columns-is-layout-flex\">\n<div class=\"wp-block-column is-layout-flow wp-block-column-is-layout-flow\" style=\"flex-basis:100%\">\n<div class=\"wp-block-group\"><div class=\"wp-block-group__inner-container is-layout-constrained wp-block-group-is-layout-constrained\">\n<div class=\"wp-block-columns is-layout-flex wp-container-core-columns-is-layout-1 wp-block-columns-is-layout-flex\">\n<div class=\"wp-block-column is-layout-flow wp-block-column-is-layout-flow\" style=\"flex-basis:100%\">\n<figure class=\"wp-block-embed is-type-video is-provider-youtube wp-block-embed-youtube wp-embed-aspect-16-9 wp-has-aspect-ratio\"><div class=\"wp-block-embed__wrapper\">\n<iframe loading=\"lazy\" title=\"BOMBEIRO. UMA PARTE DE TI!\" width=\"1170\" height=\"658\" src=\"https:\/\/www.youtube.com\/embed\/Juk2xlwjAcs?feature=oembed\" frameborder=\"0\" allow=\"accelerometer; autoplay; clipboard-write; encrypted-media; gyroscope; picture-in-picture; web-share\" referrerpolicy=\"strict-origin-when-cross-origin\" allowfullscreen><\/iframe>\n<\/div><\/figure>\n<\/div>\n<\/div>\n<\/div><\/div>\n<\/div>\n<\/div>\n","protected":false},"excerpt":{"rendered":"<p>&nbsp; &nbsp; &nbsp; &nbsp; &nbsp; &nbsp; ACEITAS O DESAFIO? Requisitos Obrigat\u00f3rios Miss\u00e3o Sabe mais sobre Direitos e Deveres do Bombeiro Volunt\u00e1rio &nbsp; Programa de Instru\u00e7\u00e3o Inicial de Bombeiro O programa [&hellip;]<\/p>\n","protected":false},"author":1,"featured_media":0,"parent":0,"menu_order":0,"comment_status":"closed","ping_status":"closed","template":"","meta":{"footnotes":""},"class_list":["post-3229","page","type-page","status-publish","hentry"],"_links":{"self":[{"href":"https:\/\/www.ahbvpf.pt\/index.php?rest_route=\/wp\/v2\/pages\/3229","targetHints":{"allow":["GET"]}}],"collection":[{"href":"https:\/\/www.ahbvpf.pt\/index.php?rest_route=\/wp\/v2\/pages"}],"about":[{"href":"https:\/\/www.ahbvpf.pt\/index.php?rest_route=\/wp\/v2\/types\/page"}],"author":[{"embeddable":true,"href":"https:\/\/www.ahbvpf.pt\/index.php?rest_route=\/wp\/v2\/users\/1"}],"replies":[{"embeddable":true,"href":"https:\/\/www.ahbvpf.pt\/index.php?rest_route=%2Fwp%2Fv2%2Fcomments&post=3229"}],"version-history":[{"count":51,"href":"https:\/\/www.ahbvpf.pt\/index.php?rest_route=\/wp\/v2\/pages\/3229\/revisions"}],"predecessor-version":[{"id":5215,"href":"https:\/\/www.ahbvpf.pt\/index.php?rest_route=\/wp\/v2\/pages\/3229\/revisions\/5215"}],"wp:attachment":[{"href":"https:\/\/www.ahbvpf.pt\/index.php?rest_route=%2Fwp%2Fv2%2Fmedia&parent=3229"}],"curies":[{"name":"wp","href":"https:\/\/api.w.org\/{rel}","templated":true}]}}