{"id":3170,"date":"2017-10-03T09:57:07","date_gmt":"2017-10-03T09:57:07","guid":{"rendered":"http:\/\/www.ahbvpf.pt\/?page_id=3170"},"modified":"2017-10-03T09:57:07","modified_gmt":"2017-10-03T09:57:07","slug":"2007-peregrinacao-a-fatima-18-19-agosto","status":"publish","type":"page","link":"https:\/\/www.ahbvpf.pt\/?page_id=3170","title":{"rendered":"2007 &#8211; Peregrina\u00e7\u00e3o a F\u00e1tima (18-19 Agosto)"},"content":{"rendered":"<p>[vc_row][vc_column][vc_column_text]<\/p>\n<div class=\"title title-section\">\n<h3 style=\"text-align: center;\">2007 &#8211; Peregrina\u00e7\u00e3o a F\u00e1tima (18-19 Agosto)<\/h3>\n<p>&nbsp;<\/p>\n<p>&nbsp;<\/p>\n<\/div>\n<h3 id=\"page-content\"><\/h3>\n<p>[\/vc_column_text]<\/p>\n<p>&nbsp;<\/p>\n<p>[vc_media_grid gap=&#8221;20&#8243; grid_id=&#8221;vc_gid:1507024560678-d8c14a91-d270-0&#8243; include=&#8221;3171,3172,3173,3174,3175,3176,3177,3178,3179&#8243;][\/vc_column][\/vc_row]<\/p>\n","protected":false},"excerpt":{"rendered":"<p>[vc_row][vc_column][vc_column_text] 2007 &#8211; Peregrina\u00e7\u00e3o a F\u00e1tima (18-19 Agosto) &nbsp; &nbsp; [\/vc_column_text] &nbsp; [vc_media_grid gap=&#8221;20&#8243; grid_id=&#8221;vc_gid:1507024560678-d8c14a91-d270-0&#8243; include=&#8221;3171,3172,3173,3174,3175,3176,3177,3178,3179&#8243;][\/vc_column][\/vc_row]<\/p>\n","protected":false},"author":1,"featured_media":0,"parent":0,"menu_order":0,"comment_status":"closed","ping_status":"closed","template":"","meta":{"footnotes":""},"class_list":["post-3170","page","type-page","status-publish","hentry"],"_links":{"self":[{"href":"https:\/\/www.ahbvpf.pt\/index.php?rest_route=\/wp\/v2\/pages\/3170","targetHints":{"allow":["GET"]}}],"collection":[{"href":"https:\/\/www.ahbvpf.pt\/index.php?rest_route=\/wp\/v2\/pages"}],"about":[{"href":"https:\/\/www.ahbvpf.pt\/index.php?rest_route=\/wp\/v2\/types\/page"}],"author":[{"embeddable":true,"href":"https:\/\/www.ahbvpf.pt\/index.php?rest_route=\/wp\/v2\/users\/1"}],"replies":[{"embeddable":true,"href":"https:\/\/www.ahbvpf.pt\/index.php?rest_route=%2Fwp%2Fv2%2Fcomments&post=3170"}],"version-history":[{"count":1,"href":"https:\/\/www.ahbvpf.pt\/index.php?rest_route=\/wp\/v2\/pages\/3170\/revisions"}],"predecessor-version":[{"id":3180,"href":"https:\/\/www.ahbvpf.pt\/index.php?rest_route=\/wp\/v2\/pages\/3170\/revisions\/3180"}],"wp:attachment":[{"href":"https:\/\/www.ahbvpf.pt\/index.php?rest_route=%2Fwp%2Fv2%2Fmedia&parent=3170"}],"curies":[{"name":"wp","href":"https:\/\/api.w.org\/{rel}","templated":true}]}}