{"id":3071,"date":"2017-10-03T09:23:25","date_gmt":"2017-10-03T09:23:25","guid":{"rendered":"http:\/\/www.ahbvpf.pt\/?page_id=3071"},"modified":"2017-10-03T09:23:25","modified_gmt":"2017-10-03T09:23:25","slug":"extincao-incendios-meios-de-transporte-pia-2008","status":"publish","type":"page","link":"https:\/\/www.ahbvpf.pt\/?page_id=3071","title":{"rendered":"Extin\u00e7\u00e3o Inc\u00eandios Meios de Transporte (PIA 2008)"},"content":{"rendered":"<p>[vc_row][vc_column][vc_column_text]<\/p>\n<div class=\"title title-section\">\n<h2 style=\"text-align: center;\">Extin\u00e7\u00e3o Inc\u00eandios Meios de Transporte (PIA 2008)<\/h2>\n<p>&nbsp;<\/p>\n<\/div>\n<div id=\"page-content\"><\/div>\n<p>[\/vc_column_text]<\/p>\n<p>&nbsp;<\/p>\n<p>[vc_media_grid element_width=&#8221;6&#8243; gap=&#8221;20&#8243; grid_id=&#8221;vc_gid:1507022496283-38803796-da7b-9&#8243; include=&#8221;3072,3073,3074,3075,3076,3077,3078,3079,3080,3081&#8243;][\/vc_column][\/vc_row]<\/p>\n","protected":false},"excerpt":{"rendered":"<p>[vc_row][vc_column][vc_column_text] Extin\u00e7\u00e3o Inc\u00eandios Meios de Transporte (PIA 2008) &nbsp; [\/vc_column_text] &nbsp; [vc_media_grid element_width=&#8221;6&#8243; gap=&#8221;20&#8243; grid_id=&#8221;vc_gid:1507022496283-38803796-da7b-9&#8243; include=&#8221;3072,3073,3074,3075,3076,3077,3078,3079,3080,3081&#8243;][\/vc_column][\/vc_row]<\/p>\n","protected":false},"author":1,"featured_media":0,"parent":0,"menu_order":0,"comment_status":"closed","ping_status":"closed","template":"","meta":{"footnotes":""},"class_list":["post-3071","page","type-page","status-publish","hentry"],"_links":{"self":[{"href":"https:\/\/www.ahbvpf.pt\/index.php?rest_route=\/wp\/v2\/pages\/3071","targetHints":{"allow":["GET"]}}],"collection":[{"href":"https:\/\/www.ahbvpf.pt\/index.php?rest_route=\/wp\/v2\/pages"}],"about":[{"href":"https:\/\/www.ahbvpf.pt\/index.php?rest_route=\/wp\/v2\/types\/page"}],"author":[{"embeddable":true,"href":"https:\/\/www.ahbvpf.pt\/index.php?rest_route=\/wp\/v2\/users\/1"}],"replies":[{"embeddable":true,"href":"https:\/\/www.ahbvpf.pt\/index.php?rest_route=%2Fwp%2Fv2%2Fcomments&post=3071"}],"version-history":[{"count":1,"href":"https:\/\/www.ahbvpf.pt\/index.php?rest_route=\/wp\/v2\/pages\/3071\/revisions"}],"predecessor-version":[{"id":3082,"href":"https:\/\/www.ahbvpf.pt\/index.php?rest_route=\/wp\/v2\/pages\/3071\/revisions\/3082"}],"wp:attachment":[{"href":"https:\/\/www.ahbvpf.pt\/index.php?rest_route=%2Fwp%2Fv2%2Fmedia&parent=3071"}],"curies":[{"name":"wp","href":"https:\/\/api.w.org\/{rel}","templated":true}]}}