{"id":2943,"date":"2017-10-02T16:05:04","date_gmt":"2017-10-02T16:05:04","guid":{"rendered":"http:\/\/www.ahbvpf.pt\/?page_id=2943"},"modified":"2024-11-21T20:29:43","modified_gmt":"2024-11-21T20:29:43","slug":"2943-2","status":"publish","type":"page","link":"https:\/\/www.ahbvpf.pt\/?page_id=2943","title":{"rendered":"Miss\u00e3o"},"content":{"rendered":"<p>[vc_row inverse=&#8221;&#8221; css=&#8221;.vc_custom_1513702874010{margin-bottom: 30px !important;}&#8221;][vc_column][vc_custom_heading source=&#8221;post_title&#8221; font_container=&#8221;tag:h2|text_align:center&#8221; use_theme_fonts=&#8221;yes&#8221;][\/vc_column][\/vc_row][vc_row][vc_column][vc_column_text]<strong>Miss\u00e3o do corpo de bombeiros:<\/strong><\/p>\n<ol>\n<li>A preven\u00e7\u00e3o e o combate a inc\u00eandios;<\/li>\n<li>O socorro \u00e0s popula\u00e7\u00f5es, em caso de inc\u00eandios, inunda\u00e7\u00f5es, desabamentos e, de um modo geral, em todos os acidentes;<\/li>\n<li>O socorro a n\u00e1ufragos e buscas subaqu\u00e1ticas;<\/li>\n<li>O socorro e transporte de acidentados e doentes, incluindo a urg\u00eancia pr\u00e9-hospitalar, no \u00e2mbito do sistema integrado de emerg\u00eancia m\u00e9dica;<\/li>\n<li>A emiss\u00e3o, nos termos da lei, de pareceres t\u00e9cnicos em mat\u00e9ria de preven\u00e7\u00e3o e seguran\u00e7a contra riscos de inc\u00eandio e outros sinistros;<\/li>\n<li>A participa\u00e7\u00e3o em outras actividades de protec\u00e7\u00e3o civil, no \u00e2mbito do exerc\u00edcio das fun\u00e7\u00f5es espec\u00edficas que lhes forem cometidas;<\/li>\n<li>O exerc\u00edcio de actividades de forma\u00e7\u00e3o e sensibiliza\u00e7\u00e3o, com especial incid\u00eancia para a preven\u00e7\u00e3o do risco de inc\u00eandio e acidentes junto das popula\u00e7\u00f5es;<\/li>\n<li>A participa\u00e7\u00e3o em outras ac\u00e7\u00f5es e o exerc\u00edcio de outras actividades, para as quais estejam tecnicamente preparados e se enquadrem nos seus fins espec\u00edficos e nos fins das respectivas entidades detentoras;<\/li>\n<li>A presta\u00e7\u00e3o de outros servi\u00e7os previstos nos regulamentos internos e demais legisla\u00e7\u00e3o aplic\u00e1vel.<\/li>\n<\/ol>\n\n\n<p><\/p>\n\n\n\n<figure class=\"wp-block-image size-large\"><img loading=\"lazy\" decoding=\"async\" width=\"726\" height=\"1024\" src=\"https:\/\/www.ahbvpf.pt\/wp-content\/uploads\/2024\/11\/codigodehonra-726x1024.jpg\" alt=\"\" class=\"wp-image-5162\" srcset=\"https:\/\/www.ahbvpf.pt\/wp-content\/uploads\/2024\/11\/codigodehonra-726x1024.jpg 726w, https:\/\/www.ahbvpf.pt\/wp-content\/uploads\/2024\/11\/codigodehonra-213x300.jpg 213w, https:\/\/www.ahbvpf.pt\/wp-content\/uploads\/2024\/11\/codigodehonra-768x1083.jpg 768w, https:\/\/www.ahbvpf.pt\/wp-content\/uploads\/2024\/11\/codigodehonra-1089x1536.jpg 1089w, https:\/\/www.ahbvpf.pt\/wp-content\/uploads\/2024\/11\/codigodehonra-1452x2048.jpg 1452w, https:\/\/www.ahbvpf.pt\/wp-content\/uploads\/2024\/11\/codigodehonra-scaled.jpg 1815w\" sizes=\"auto, (max-width: 726px) 100vw, 726px\" \/><\/figure>\n","protected":false},"excerpt":{"rendered":"<p>[vc_row inverse=&#8221;&#8221; css=&#8221;.vc_custom_1513702874010{margin-bottom: 30px !important;}&#8221;][vc_column][vc_custom_heading source=&#8221;post_title&#8221; font_container=&#8221;tag:h2|text_align:center&#8221; use_theme_fonts=&#8221;yes&#8221;][\/vc_column][\/vc_row][vc_row][vc_column][vc_column_text]Miss\u00e3o do corpo de bombeiros: A preven\u00e7\u00e3o e o combate a inc\u00eandios; O socorro \u00e0s popula\u00e7\u00f5es, em caso de inc\u00eandios, inunda\u00e7\u00f5es, desabamentos e, [&hellip;]<\/p>\n","protected":false},"author":1,"featured_media":0,"parent":0,"menu_order":0,"comment_status":"closed","ping_status":"closed","template":"","meta":{"footnotes":""},"class_list":["post-2943","page","type-page","status-publish","hentry"],"_links":{"self":[{"href":"https:\/\/www.ahbvpf.pt\/index.php?rest_route=\/wp\/v2\/pages\/2943","targetHints":{"allow":["GET"]}}],"collection":[{"href":"https:\/\/www.ahbvpf.pt\/index.php?rest_route=\/wp\/v2\/pages"}],"about":[{"href":"https:\/\/www.ahbvpf.pt\/index.php?rest_route=\/wp\/v2\/types\/page"}],"author":[{"embeddable":true,"href":"https:\/\/www.ahbvpf.pt\/index.php?rest_route=\/wp\/v2\/users\/1"}],"replies":[{"embeddable":true,"href":"https:\/\/www.ahbvpf.pt\/index.php?rest_route=%2Fwp%2Fv2%2Fcomments&post=2943"}],"version-history":[{"count":12,"href":"https:\/\/www.ahbvpf.pt\/index.php?rest_route=\/wp\/v2\/pages\/2943\/revisions"}],"predecessor-version":[{"id":5163,"href":"https:\/\/www.ahbvpf.pt\/index.php?rest_route=\/wp\/v2\/pages\/2943\/revisions\/5163"}],"wp:attachment":[{"href":"https:\/\/www.ahbvpf.pt\/index.php?rest_route=%2Fwp%2Fv2%2Fmedia&parent=2943"}],"curies":[{"name":"wp","href":"https:\/\/api.w.org\/{rel}","templated":true}]}}