{"id":2796,"date":"2017-10-02T10:05:30","date_gmt":"2017-10-02T10:05:30","guid":{"rendered":"http:\/\/www.ahbvpf.pt\/?page_id=2796"},"modified":"2017-11-09T10:01:32","modified_gmt":"2017-11-09T10:01:32","slug":"dia-municipal-do-bombeiro-2016","status":"publish","type":"page","link":"https:\/\/www.ahbvpf.pt\/?page_id=2796","title":{"rendered":"Dia Municipal do Bombeiro 2016"},"content":{"rendered":"<p>[vc_row][vc_column][vc_column_text]<\/p>\n<h3 style=\"text-align: center;\">Dia Municipal do Bombeiro<\/h3>\n<p style=\"text-align: center;\">\u201cHoje \u00e9 um daqueles dias que marcam a nossa hist\u00f3ria. Um daqueles dias cujos efeitos perdurar\u00e3o para l\u00e1 da nossa exist\u00eancia. Da nossa mem\u00f3ria. Hoje \u00e9 um dia em que deixamos um marco, uma afirma\u00e7\u00e3o, uma a\u00e7\u00e3o\u201d,<br \/>\nPresidente da C\u00e2mara Municipal de Pa\u00e7os de Ferreira, Dr. Humberto Brito.<\/p>\n<hr noshade=\"noshade\" size=\"10\" width=\"50%\" \/>\n<h3 style=\"text-align: center;\">Dia 12<\/h3>\n<p style=\"text-align: center;\">Rastreios de Sa\u00fade, Demonstra\u00e7\u00f5es de Suporte B\u00e1sico de Vida, Exposi\u00e7\u00e3o de Equipamentos de 1\u00aainterven\u00e7\u00e3o, Simulacro de Salvamento e Desencarceramento<\/p>\n<p>[\/vc_column_text][\/vc_column][\/vc_row][vc_row][vc_column][vc_media_grid element_width=&#8221;3&#8243; grid_id=&#8221;vc_gid:1506938949689-b7f648e0-d26d-5&#8243; include=&#8221;2801,2802,2803,2804,2805,2806,2807,2808,2809,2810,2811,2812,2813,2814,2815,2816,2817,2818,2819,2820,2821,2822,2823,2824,2825,2826,2827,2828,2829,2830,2831,2832,2833,2834,2835,2836,2837,2838,2839,2840,2841,2842,2843,2844,2845,2846,2847,2848&#8243;][\/vc_column][\/vc_row][vc_row][vc_column][vc_column_text]<\/p>\n<h3 style=\"text-align: center;\">Dia 13<\/h3>\n<p style=\"text-align: center;\">Cerim\u00f3nia Comemorativa e Desfile Apeado e Motorizado<\/p>\n<p>[\/vc_column_text][\/vc_column][\/vc_row][vc_row][vc_column][vc_media_grid element_width=&#8221;3&#8243; grid_id=&#8221;vc_gid:1506938986731-bdcdcc15-c4b7-3&#8243; include=&#8221;2853,2854,2855,2856,2857,2858,2859,2860,2861,2862,2863,2864,2865,2866,2867,2868,2869,2870,2871,2872,2873,2874,2875,2876,2877,2878,2879,2880,2881,2882,2883,2884,2885,2886,2887&#8243;][\/vc_column][\/vc_row]<\/p>\n","protected":false},"excerpt":{"rendered":"<p>[vc_row][vc_column][vc_column_text] Dia Municipal do Bombeiro \u201cHoje \u00e9 um daqueles dias que marcam a nossa hist\u00f3ria. Um daqueles dias cujos efeitos perdurar\u00e3o para l\u00e1 da nossa exist\u00eancia. Da nossa mem\u00f3ria. Hoje [&hellip;]<\/p>\n","protected":false},"author":1,"featured_media":0,"parent":0,"menu_order":0,"comment_status":"closed","ping_status":"closed","template":"","meta":{"footnotes":""},"class_list":["post-2796","page","type-page","status-publish","hentry"],"_links":{"self":[{"href":"https:\/\/www.ahbvpf.pt\/index.php?rest_route=\/wp\/v2\/pages\/2796","targetHints":{"allow":["GET"]}}],"collection":[{"href":"https:\/\/www.ahbvpf.pt\/index.php?rest_route=\/wp\/v2\/pages"}],"about":[{"href":"https:\/\/www.ahbvpf.pt\/index.php?rest_route=\/wp\/v2\/types\/page"}],"author":[{"embeddable":true,"href":"https:\/\/www.ahbvpf.pt\/index.php?rest_route=\/wp\/v2\/users\/1"}],"replies":[{"embeddable":true,"href":"https:\/\/www.ahbvpf.pt\/index.php?rest_route=%2Fwp%2Fv2%2Fcomments&post=2796"}],"version-history":[{"count":10,"href":"https:\/\/www.ahbvpf.pt\/index.php?rest_route=\/wp\/v2\/pages\/2796\/revisions"}],"predecessor-version":[{"id":3994,"href":"https:\/\/www.ahbvpf.pt\/index.php?rest_route=\/wp\/v2\/pages\/2796\/revisions\/3994"}],"wp:attachment":[{"href":"https:\/\/www.ahbvpf.pt\/index.php?rest_route=%2Fwp%2Fv2%2Fmedia&parent=2796"}],"curies":[{"name":"wp","href":"https:\/\/api.w.org\/{rel}","templated":true}]}}

<p>[vc_row][vc_column][vc_column_text]</p>
<h3 style="text-align: center;">Dia Municipal do Bombeiro</h3>
<p style="text-align: center;">“Hoje é um daqueles dias que marcam a nossa história. Um daqueles dias cujos efeitos perdurarão para lá da nossa existência. Da nossa memória. Hoje é um dia em que deixamos um marco, uma afirmação, uma ação”,<br />
Presidente da Câmara Municipal de Paços de Ferreira, Dr. Humberto Brito.</p>
<hr noshade="noshade" size="10" width="50%" />
<h3 style="text-align: center;">Dia 12</h3>
<p style="text-align: center;">Rastreios de Saúde, Demonstrações de Suporte Básico de Vida, Exposição de Equipamentos de 1ªintervenção, Simulacro de Salvamento e Desencarceramento</p>
<p>[/vc_column_text][/vc_column][/vc_row][vc_row][vc_column][vc_media_grid element_width=&#8221;3&#8243; grid_id=&#8221;vc_gid:1506938949689-b7f648e0-d26d-5&#8243; include=&#8221;2801,2802,2803,2804,2805,2806,2807,2808,2809,2810,2811,2812,2813,2814,2815,2816,2817,2818,2819,2820,2821,2822,2823,2824,2825,2826,2827,2828,2829,2830,2831,2832,2833,2834,2835,2836,2837,2838,2839,2840,2841,2842,2843,2844,2845,2846,2847,2848&#8243;][/vc_column][/vc_row][vc_row][vc_column][vc_column_text]</p>
<h3 style="text-align: center;">Dia 13</h3>
<p style="text-align: center;">Cerimónia Comemorativa e Desfile Apeado e Motorizado</p>
<p>[/vc_column_text][/vc_column][/vc_row][vc_row][vc_column][vc_media_grid element_width=&#8221;3&#8243; grid_id=&#8221;vc_gid:1506938986731-bdcdcc15-c4b7-3&#8243; include=&#8221;2853,2854,2855,2856,2857,2858,2859,2860,2861,2862,2863,2864,2865,2866,2867,2868,2869,2870,2871,2872,2873,2874,2875,2876,2877,2878,2879,2880,2881,2882,2883,2884,2885,2886,2887&#8243;][/vc_column][/vc_row]</p>

<p>[vc_row][vc_column][vc_column_text] Dia Municipal do Bombeiro “Hoje é um daqueles dias que marcam a nossa história. Um daqueles dias cujos efeitos perdurarão para lá da nossa existência. Da nossa memória. Hoje [&hellip;]</p>
